{"id":18,"date":"2022-09-14T10:38:31","date_gmt":"2022-09-14T08:38:31","guid":{"rendered":"https:\/\/www.publimailer.fr\/?page_id=18"},"modified":"2022-09-14T10:38:31","modified_gmt":"2022-09-14T08:38:31","slug":"distribution-main-a-la-main","status":"publish","type":"page","link":"https:\/\/www.publimailer.fr\/?page_id=18","title":{"rendered":"Distribution MAIN \u00c0 LA MAIN"},"content":{"rendered":"\n<h2 class=\"has-text-align-center wp-block-heading\">Street marketing main \u00e0 la main<\/h2>\n\n\n\n<p class=\"has-text-align-center\"><strong>La distribution main \u00e0 la main se pratique en g\u00e9n\u00e9ral, \u00e0 la sortie des transports en commun, m\u00e9tros, trains ou arr\u00eats de bus.<\/strong><\/p>\n\n\n\n<p class=\"has-text-align-center\">Elle peut aussi se pratiquer dans des art\u00e8res fr\u00e9quent\u00e9es ou des march\u00e9s.<\/p>\n\n\n\n<p class=\"has-text-align-center\">Il est pr\u00e9f\u00e9rable que les personnes qui la pratiquent soient habill\u00e9es aux couleurs de l&#8217;entreprise cliente, ce qui repr\u00e9sente une pr\u00e9paration et des co\u00fbts suppl\u00e9mentaires.<\/p>\n\n\n\n<p class=\"has-text-align-center\">Il faut alors imprimer des tee-shirts, ballons, casquettes&#8230;<\/p>\n\n\n\n<div class=\"wp-block-cover is-light has-parallax\" style=\"background-image:url(https:\/\/www.publimailer.fr\/wp-content\/uploads\/2022\/09\/pexels-mikhail-nilov.jpg)\"><span aria-hidden=\"true\" class=\"wp-block-cover__background has-background-dim\"><\/span><div class=\"wp-block-cover__inner-container is-layout-flow wp-block-cover-is-layout-flow\">\n<p class=\"has-text-align-center has-white-color has-text-color has-large-font-size\">Dans les centres commerciaux, ce type de distribution est impossible, car interdite et vite d\u00e9tect\u00e9e par les services de s\u00e9curit\u00e9.<\/p>\n<\/div><\/div>\n\n\n\n<div class=\"wp-block-columns is-layout-flex wp-container-core-columns-is-layout-9d6595d7 wp-block-columns-is-layout-flex\">\n<div class=\"wp-block-column is-layout-flow wp-block-column-is-layout-flow\">\n<h3 class=\"wp-block-heading\">STREET MARKETING<\/h3>\n\n\n\n<p>Le street-marketing implique de pr\u00e9f\u00e9rence une mise en sc\u00e8ne, une \u00e9tude marketing afin de rassurer les personnes d\u00e9march\u00e9es directement dans la rue, de renseigner imm\u00e9diatement sur le produit, la marque vendue, et \u00e9ventuellement de cr\u00e9er le buzz.<\/p>\n\n\n\n<p>Si vous vous contentez de distribuer un flyer \u00e0 un coin de rue sans \u00e9tudier l&#8217;habillement des distributeurs, l&#8217;animation et la PLV, vous risquez de limiter les retours.<\/p>\n\n\n\n<p>Le budget est donc plus \u00e9lev\u00e9, se d\u00e9composant en \u00e9tude marketing, d\u00e9finition d&#8217;un concept de street marketing, \u00e9tude des relais de buzz en amont, habillement, autres supports de PLV, ballons etc..<\/p>\n<\/div>\n\n\n\n<div class=\"wp-block-column is-layout-flow wp-block-column-is-layout-flow\">\n<h3 class=\"wp-block-heading\">DISTRIBUTION SORTIES DE METRO, GARE<\/h3>\n\n\n\n<p>Ce type de distribution doit se pratiquer de pr\u00e9f\u00e9rence le matin aux heures de pointe, entre 6 h 30 et 9 h 30. Quand on distribue le soir, les r\u00e9ceptionnaires sont fatigu\u00e9s et jettent les documents sans les lire ; le matin, ils peuvent les prendre et les lire soit sur le trajet du travail, soit \u00e0 la pause de midi.<\/p>\n\n\n\n<p>On peut cependant distribuer le soir entre 17h et 20 h pour annoncer une soir\u00e9e ou un \u00e9v\u00e9nement se passant le soir m\u00eame.<\/p>\n\n\n\n<p>Pour ce type de prestations, nous prenons un forfait de 125 \u20ac pour 2 heures de distribution et 1 heure de d\u00e9placement(r\u00e9gion parisienne).<\/p>\n\n\n\n<p>\u00c0 noter que la distribution aux carrefours de rues ou sur les places est th\u00e9oriquement interdite, difficilement praticable et donne de moins en moins de r\u00e9sultats.<\/p>\n<\/div>\n<\/div>\n","protected":false},"excerpt":{"rendered":"<p>Street marketing main \u00e0 la main La distribution main \u00e0 la main se pratique en g\u00e9n\u00e9ral, \u00e0 la sortie des transports en commun, m\u00e9tros, trains ou arr\u00eats de bus. Elle peut aussi se pratiquer dans des art\u00e8res fr\u00e9quent\u00e9es ou des march\u00e9s. Il est pr\u00e9f\u00e9rable que les personnes qui la pratiquent soient habill\u00e9es aux couleurs de [&hellip;]<\/p>\n","protected":false},"author":1,"featured_media":0,"parent":0,"menu_order":0,"comment_status":"closed","ping_status":"closed","template":"","meta":{"footnotes":""},"class_list":["post-18","page","type-page","status-publish","hentry"],"aioseo_notices":[],"_links":{"self":[{"href":"https:\/\/www.publimailer.fr\/index.php?rest_route=\/wp\/v2\/pages\/18","targetHints":{"allow":["GET"]}}],"collection":[{"href":"https:\/\/www.publimailer.fr\/index.php?rest_route=\/wp\/v2\/pages"}],"about":[{"href":"https:\/\/www.publimailer.fr\/index.php?rest_route=\/wp\/v2\/types\/page"}],"author":[{"embeddable":true,"href":"https:\/\/www.publimailer.fr\/index.php?rest_route=\/wp\/v2\/users\/1"}],"replies":[{"embeddable":true,"href":"https:\/\/www.publimailer.fr\/index.php?rest_route=%2Fwp%2Fv2%2Fcomments&post=18"}],"version-history":[{"count":1,"href":"https:\/\/www.publimailer.fr\/index.php?rest_route=\/wp\/v2\/pages\/18\/revisions"}],"predecessor-version":[{"id":19,"href":"https:\/\/www.publimailer.fr\/index.php?rest_route=\/wp\/v2\/pages\/18\/revisions\/19"}],"wp:attachment":[{"href":"https:\/\/www.publimailer.fr\/index.php?rest_route=%2Fwp%2Fv2%2Fmedia&parent=18"}],"curies":[{"name":"wp","href":"https:\/\/api.w.org\/{rel}","templated":true}]}}